v?
3
Suppose 0*o + 2*o = 14. Let s(w) = -w + 17. Let x be s(o). What is the units digit of 2*x*(-1)/(-4)?
5
Let n = -24 + 20. What is the tens digit of (-4)/(0 - n) + 36?
3
Suppose -3*v - v - z + 980 = 0, 8 = -2*z. What is the tens digit of v?
4
Suppose 5*r = 2*r + 309. What is the hundreds digit of r?
1
Suppose -18 = 4*k - k. Let d(c) = -c**3 - 7*c**2 - 6*c - 1. Let t be d(k). What is the units digit of (-2 + t + 4)*3?
3
Suppose -2*a - 4*t + 258 = 76, 5*a - 470 = -5*t. What is the tens digit of a?
9
Let p(h) = h**3 - 3*h**2 - 4. What is the units digit of p(4)?
2
Suppose -3*v + 20 = 2*v. Suppose 4*x + 3*z - 45 = -10, 28 = v*x - 4*z. Suppose 0*j - x = -j. What is the units digit of j?
8
Let z(v) = 9*v**3 + 1. Let k be (2/(-4))/(2/4). Let f be z(k). Let i = f - -13. What is the units digit of i?
5
What is the units digit of 4/(4/(-63))*-1 - -1?
4
Suppose 5*p = 4*m + 30, -2*m + 1 = 3*p + 5. Let v = p - -1. What is the units digit of v?
3
Let f = 6 + 8. What is the units digit of f?
4
Let u(o) = -o**2 + 1. Suppose -1 = -2*z - 3. Let p be u(z). Suppose -4*j + 28 = -p*j. What is the units digit of j?
7
Let z(x) = x**3 + 5*x**2 - 3*x + 5. Let l be z(-5). Let i(a) = a - 5. Let b be i(-7). Let o = b + l. What is the units digit of o?
8
Let o = -131 - -66. Let j = 112 + o. Suppose 4*a - x = j - 12, -2*x = 2*a - 20. What is the units digit of a?
9
What is the units digit of ((-5088)/(-36))/(2/3)?
2
Suppose -b + 2 = -i - 21, -2*b = 5*i + 115. Let g = 30 + i. What is the units digit of g?
7
Let f be -50*(1/1 - 2). Suppose -4*g = -2*g - f. What is the tens digit of g?
2
Suppose -4*b + 2*b = -4. Suppose 0 = 3*k - 4*o + 29, b*k + 2*o + 24 = 7*o. Let x = k + 15. What is the units digit of x?
8
Let t be 53 + -1 + (-15)/(-3). Suppose 2*k - 17 - 45 = -c, -c - k = -t. What is the tens digit of c?
5
Suppose 4*a - 8 = 0, 11 = 3*m + 2*m - 2*a. Let y(d) be the second derivative of d**3/2 + d**2 - 2*d. What is the units digit of y(m)?
1
What is the units digit of (3 - 1)/((-2)/(-6))?
6
Let k(a) = a**2 + a + 1. Let t(n) = 5*n**2 - 5*n + 12. Let z(q) = -6*k(q) + t(q). What is the units digit of z(-11)?
6
What is the units digit of (-2 + 575/(-20))*(-16)/6?
2
Let p(n) be the third derivative of -n**6/120 - n**5/10 - 5*n**4/24 - 5*n**3/6 + 2*n**2. What is the tens digit of p(-6)?
2
Let t be 58*(10/4)/5. Let x = t - 10. What is the tens digit of x?
1
Suppose 2*w + 2*x - 3*x - 277 = 0, 5 = -x. What is the units digit of w?
6
Let m(b) = b**3 - b**2 - b + 5. Suppose -1 - 7 = -4*i + 3*o, -2*i = -o - 2. Let t = 1 + i. What is the units digit of m(t)?
5
Suppose -3*d - 6 = -3*m, 0 = -4*m + 2*m + 5*d + 16. What is the tens digit of (-1 - m)*160/4?
4
Suppose o + 389 = 2*m, -m + 4*m - o - 584 = 0. What is the hundreds digit of m?
1
Let p = 15 - 0. Let c = 31 - p. What is the tens digit of c?
1
Suppose -6*p = -4*p - 14. Suppose 0 = -p*m + 2*m. What is the units digit of -3 + m + 16/2?
5
Let c(o) = o**2 - 5*o - 3. Let j be c(6). Suppose -140 - 16 = -j*a. What is the units digit of a?
2
Suppose 4*g = m - g - 60, 3*m = -5*g + 100. Suppose -3*u + 8*u = 5*k - 5, 5*k + m = -4*u. Let r = k + 7. What is the units digit of r?
3
Let b(c) be the second derivative of c**4/6 + 5*c**3/6 - 3*c**2/2 + 2*c. Let f be b(-5). Let o = -15 + f. What is the units digit of o?
7
Suppose -n - 4*s = 9, 0 = 3*n + 2*s - 5*s - 48. Suppose 2*d + 0*d + 3*p + n = 0, 0 = -p - 1. Let w = 6 + d. What is the units digit of w?
2
Let f be -8 + 9 - 1*-4. Suppose -f*x + 2*r - r = -91, -2*r = -3*x + 49. What is the units digit of x?
9
Let z = 34 - 1. What is the tens digit of z?
3
Suppose 0*r = -3*r + 12. Suppose 2*g + r = -0*g, 5*g = -4*p + 90. Suppose 0*v - 75 = -4*v - 3*j, -2*v + p = -j. What is the units digit of v?
5
Let v = -4 - -10. Let m = v - 5. What is the units digit of m?
1
Suppose 73 = -5*g + 213. What is the tens digit of g?
2
Suppose 3*k = 4*z + 1096, -3*k - 5*z + 1079 = -8. What is the units digit of k?
4
Let l = -13 + 58. What is the units digit of l/3 - (0 - -1)?
4
Let b = 12 - 5. What is the units digit of b?
7
Let l(s) = s**2. Let i(k) = -3*k**3 - k**2 - k + 1. Let b be i(1). What is the tens digit of l(b)?
1
Suppose -4 = -t + h + 8, -3*t = 2*h - 36. Suppose -3*y + 3 = -t. What is the units digit of y?
5
Suppose -2*q - 2 = -3*p - 1, -4 = p - 5*q. Let n = -6 + 12. Suppose -n = -g + p. What is the units digit of g?
7
Let i = -7 + 18. What is the units digit of i?
1
Suppose -6 = 3*z - 39. What is the units digit of z/22 + (-14)/(-4)?
4
Suppose 5*q - 5*y = 0, -5*q - 4*y - 40 + 4 = 0. Let t(k) = k**3 + 4*k**2 - 2*k - 2. Let f be t(q). Suppose -f = x - 4*x. What is the units digit of x?
2
Suppose 2*s = -4*h + 13 + 13, -5*h = 2*s - 30. Let j be (3/(-2))/(6/(-8)). Let w = s + j. What is the units digit of w?
7
Let f(n) = 2*n**2 + 2*n. Let c be f(-2). Suppose 2*u = -c + 34. What is the units digit of 3/(-2 + u/3)?
1
Let r(q) = -206*q + 7. What is the units digit of r(-1)?
3
Let n(m) = -m**3 + 5*m**2 + 6*m + 2. Suppose -3*c + 8 = -0*c + 5*q, 5*c - 2*q = 34. Let r be n(c). Suppose r*d + d = 9. What is the units digit of d?
3
Let p(m) = -m**3 - m**2 + m. Let z be (-3)/2*(-8)/(-6). Let n be p(z). Suppose -14 = -5*a - 4*h - 4, -a = n*h - 2. What is the units digit of a?
2
Let h(l) = -7*l - 7. Let t(q) = -q - 1. Let c(o) = h(o) - 6*t(o). What is the units digit of c(-2)?
1
Let h(q) = q - 13. Let a be h(4). Let z(p) = p**3 + 10*p**2 + 7*p - 2. What is the tens digit of z(a)?
1
Let r(h) = -h**3 - 3*h**2 + 3*h + 1. What is the tens digit of r(-6)?
9
Let z = -4 - -25. Let x = z + -15. What is the units digit of x?
6
Let x = 4 - 7. What is the units digit of (x/(-6))/((-3)/(-108))?
8
Suppose -q + 3 - 4 = 0. What is the units digit of -1*(3/q + 0)?
3
Let p(r) = r**3 - 6*r**2 + 8*r - 2. Let h be p(5). Suppose 0 = d - v - 12, -d + 2*v = -h + 1. What is the units digit of d?
2
Let n = 26 - -36. What is the tens digit of n?
6
Let r = 242 - 134. What is the hundreds digit of r?
1
Let a = -226 - -437. What is the units digit of a?
1
Suppose 0 = 5*b - 44 - 46. Let h = 35 - b. What is the units digit of h?
7
Suppose z + z = -b + 442, 4*z - 872 = b. What is the tens digit of z?
1
Let a(b) = b + 3. Let n(z) = -z**3 + 9*z**2 + 12*z - 15. Let v be n(10). Suppose 0*p = v*p. What is the units digit of a(p)?
3
Let z be (27/4)/((-4)/16). What is the units digit of -5*1*z/15?
9
Suppose 13 = 4*w - 7. Let y = w - 3. What is the units digit of y?
2
Suppose 2*t = 2*w, 3*t = -0 + 12. Suppose w*j - 140 = -0*j. What is the units digit of j?
5
Let v(m) = 21*m - 9. Let d(s) = -10*s + 4. Let j(i) = -5*d(i) - 2*v(i). Let h be j(-2). Let n = -9 - h. What is the units digit of n?
9
Let u = 11 + -9. Suppose 3 = o + u*o. What is the units digit of o?
1
What is the tens digit of (-12)/(-4) - (-183)/3?
6
Let m = -1 - -3. Suppose 2*z + m*h + 3*h - 20 = 0, 2*z + 3*h = 16. Suppose -3*x - 26 = -z*k + 27, -2*k + 3*x = -23. What is the units digit of k?
0
Suppose -4 = v + 2*p - 3, 3*v + 4*p = 3. What is the units digit of v?
5
Suppose -5*m + 3*m = -10. Suppose m*i + 37 = -2*o - 18, 3*i = 2*o - 33. Let z = 19 + i. What is the units digit of z?
8
Suppose -35 = -5*p - 3*l, 3*p - 5*l = p - 17. Suppose -5*f = 2*x - 47, -f - p*x - 38 = -3*f. What is the units digit of f?
1
Suppose 0 = 3*x + x - 884. What is the tens digit of x?
2
Suppose 4*p + 0 = 12. What is the units digit of p?
3
Let i be ((-1)/(-2))/(6/12). What is the units digit of (-2)/i + 0 + 23?
1
Suppose -5*j = b - 10 - 35, 4 = 4*j. What is the tens digit of b?
4
Suppose -4*f + 4*l + 8 = 0, 5*l = -f + 4*f. Let b be 65/(-20) - 2/(-8). What is the units digit of f + (-3 - (b + 1))?
4
Suppose 3*w - 2*x - 786 = 0, 0 = -4*w + 3*x + 559 + 490. What is the hundreds digit of w?
2
Suppose 25 = 5*l + v - 39, 2*l - 24 = -2*v. What is the units digit of l?
3
Let f(h) = -3 - 2*h - h + h + 5*h. Let j be f(5). Let l = -7 + j. What is the units digit of l?
5
Let h = 3 + -1. Suppose h*t + 80 = 7*t. What is the tens digit of t?
1
Suppose -x + 3 = -0. Suppose -u - 5 = -x*f + 1, 5*f + 3*u = 24. Suppose 0 = -t + v + 2, -f*t + v + 7 = -v. What is the units digit of t?
3
What is the units digit of (28 + -2)*1 + 0?
6
Let z(v) = -4*v**3 + 6*v - 6. Let n(h) = 3*h**3 - h**2 - 5*h + 5. Let p be 1/3 - (-7)/(-3). Let c(w) = p*z(w) - 3*